 -12120 (base 4) to base 12.
-2a0
What is -111221 (base 4) in base 13?
-827
Convert -32150 (base 8) to base 3.
-200101220
What is -5488 (base 9) in base 3?
-12112222
Convert -1035 (base 14) to base 16.
-ae7
-100010 (base 5) to base 8
-6072
What is 310 (base 12) in base 5?
3234
Convert -d109 (base 14) to base 13.
-1343a
Convert -17327 (base 8) to base 16.
-1ed7
6435 (base 14) to base 13
7b45
Convert 792 (base 14) to base 7.
4242
-2118 (base 9) to base 11
-1195
10100110001 (base 2) to base 7
3606
Convert 1301101 (base 4) to base 16.
1c51
What is -33272 (base 8) in base 6?
-144510
What is -171 (base 10) in base 13?
-102
2731 (base 10) to base 8
5253
Convert -1511 (base 6) to base 16.
-193
1041301 (base 5) to base 15
566b
Convert 1a51 (base 11) to base 2.
101000100101
298a (base 12) to base 6
34254
11321133 (base 4) to base 14
8b39
What is -160 (base 11) in base 7?
-355
Convert -211221 (base 3) to base 6.
-2511
34763 (base 12) to base 9
116263
8165 (base 9) to base 15
1b82
Convert -5c0d (base 14) to base 10.
-16085
Convert 33253 (base 9) to base 16.
5640
What is -1202212221 (base 3) in base 16?
-885d
Convert -26321 (base 10) to base 5.
-1320241
What is -41bc (base 16) in base 2?
-100000110111100
3c5 (base 13) to base 6
3032
1419 (base 14) to base 5
103201
-112005 (base 7) to base 6
-232043
Convert -102221 (base 3) to base 4.
-11002
Convert -988 (base 13) to base 8.
-3141
What is 22234 (base 7) in base 5?
134421
What is -1b82 (base 12) in base 13?
-1724
What is -4121203 (base 5) in base 7?
-366330
Convert 14425 (base 7) to base 2.
111110010100
What is 622 (base 11) in base 5?
11000
What is -1c9 (base 14) in base 6?
-1421
Convert -1a2 (base 14) to base 10.
-338
314 (base 14) to base 6
2450
Convert -120 (base 12) to base 2.
-10101000
What is 440 (base 9) in base 6?
1400
Convert -290 (base 11) to base 10.
-341
Convert 1d5 (base 14) to base 2.
101111111
Convert 104123 (base 6) to base 3.
102220220
What is a2 (base 11) in base 2?
1110000
1591 (base 12) to base 16
9fd
Convert 1110000010001 (base 2) to base 15.
21e0
-1010110001000 (base 2) to base 4
-1112020
-11652 (base 10) to base 3
-120222120
What is -2230 (base 5) in base 14?
-187
What is 404 (base 6) in base 11?
125
-14aa (base 11) to base 13
-b5b
What is 3b96 (base 12) in base 13?
3195
-360 (base 13) to base 7
-1464
Convert 16053 (base 7) to base 10.
4497
-10001101011010 (base 2) to base 15
-2a35
-3b4 (base 13) to base 8
-1216
1011110000 (base 2) to base 5
11002
-535 (base 13) to base 11
-739
2359 (base 14) to base 10
6155
What is 3712 (base 8) in base 13?
ba5
What is -11683 (base 11) in base 16?
-4195
Convert 125664 (base 7) to base 13.
aa04
Convert 31455 (base 6) to base 3.
12212122
Convert -1459 (base 10) to base 4.
-112303
2103 (base 7) to base 16
2e2
4 (base 7) to base 6
4
Convert -2114 (base 8) to base 9.
-1452
-2013 (base 4) to base 14
-99
What is -579 (base 10) in base 12?
-403
What is -1148 (base 10) in base 16?
-47c
What is 2101 (base 6) in base 15?
214
-2767 (base 11) to base 7
-13305
What is -58a (base 11) in base 4?
-22333
Convert 1012211121 (base 3) to base 16.
5d82
2231 (base 6) to base 11
436
-114042 (base 5) to base 15
-13ec
101022 (base 3) to base 16
116
1e2 (base 15) to base 5
3222
Convert -1556 (base 10) to base 5.
-22211
Convert 1ba (base 13) to base 16.
142
What is 21110010 (base 3) in base 4?
1110312
What is -4373 (base 10) in base 5?
-114443
-763 (base 8) to base 5
-3444
What is -1758 (base 9) in base 6?
-10125
What is 1cd (base 15) in base 7?
1135
-11611 (base 11) to base 2
-100000101000110
What is -24401 (base 6) in base 13?
-1840
What is -2110020 (base 3) in base 9?
-2406
What is -225661 (base 7) in base 8?
-117024
What is -220 (base 16) in base 2?
-1000100000
55a1 (base 12) to base 15
2c21
What is 838 (base 11) in base 12?
701
100101111000110 (base 2) to base 7
110361
What is 1112211 (base 3) in base 14?
5a9
Convert 2024 (base 6) to base 14.
240
134442 (base 7) to base 6
314320
1504 (base 6) to base 9
484
-5625 (base 11) to base 2
-1110011110000
What is 16737 (base 8) in base 2?
1110111011111
What is -1310 (base 6) in base 12?
-236
-1a92 (base 13) to base 6
-30314
What is 1135 (base 6) in base 13?
182
What is -6a2 (base 13) in base 16?
-47a
Convert -165a (base 16) to base 8.
-13132
-3928 (base 15) to base 3
-121201102
What is -148 (base 15) in base 5?
-2133
-39c (base 13) to base 14
-336
Convert 100101010010010 (base 2) to base 9.
28161
Convert 7814 (base 10) to base 15.
24ae
100001100111 (base 2) to base 12
12b3
Convert 2568 (base 11) to base 6.
23245
What is 116a4 (base 15) in base 14?
16328
16625 (base 13) to base 7
235514
What is -53 (base 8) in base 11?
-3a
8737 (base 11) to base 10
11535
Convert 4254 (base 7) to base 6.
10553
-14240 (base 7) to base 11
-2a25
Convert 15850 (base 9) to base 3.
112221200
What is 299 (base 10) in base 15?
14e
What is -301 (base 5) in base 2?
-1001100
What is -2993 (base 11) in base 2?
-111100001101
151112 (base 6) to base 12
8498
What is -1000111101000 (base 2) in base 14?
-1956
Convert 64342 (base 7) to base 12.
9297
Convert 101022001 (base 3) to base 4.
1311103
11306 (base 9) to base 3
101100020
Convert -43 (base 13) to base 3.
-2001
90f (base 16) to base 7
6522
1000 (base 6) to base 12
160
What is -76 (base 13) in base 15?
-67
2 (base 7) to base 13
2
1100101001 (base 2) to base 10
809
Convert 1837 (base 9) to base 16.
583
What is -410 (base 10) in base 16?
-19a
Convert -1001010100000 (base 2) to base 16.
-12a0
Convert 1172 (base 14) to base 9.
4147
-3186 (base 13) to base 14
-270a
Convert -17d (base 16) to base 9.
-463
What is -102212100 (base 3) in base 9?
-12770
-1244002 (base 5) to base 6
-311101
What is -2066 (base 13) in base 2?
-1000101111110
What is bbc2 (base 13) in base 15?
7b59
What is 1503 (base 8) in base 15?
3aa
Convert d4 (base 16) to base 12.
158
-183 (base 9) to base 14
-b2
What is -130104 (base 5) in base 14?
-1b93
Convert -12333 (base 4) to base 13.
-285
Convert -1247 (base 10) to base 5.
-14442
2021 (base 5) to base 11
218
Convert -242 (base 12) to base 11.
-288
Convert -439c (base 14) to base 6.
-130102
What is -32c7 (base 13) in base 16?
-1bb4
Convert 230444 (base 5) to base 15.
269e
Convert 203 (base 14) to base 15.
1b5
Convert -1112202201 (base 3) to base 8.
-73360
-540 (base 13) to base 11
-746
1000111110011 (base 2) to base 11
34a8
387 (base 14) to base 9
865
Convert 122212 (base 3) to base 15.
222
2f42 (base 16) to base 14
45a2
11a8 (base 13) to base 4
213020
Convert -104 (base 11) to base 5.
-1000
20304 (base 9) to base 13
6115
What is 20c (base 15) in base 7?
1230
-7739 (base 12) to base 3
-200001000
What is 20010 (base 5) in base 15?
58a
Convert -a (base 12) to base 15.
-a
1938 (base 11) to base 10
2461
10111100110100 (base 2) to base 10
12084
What is -121010 (base 4) in base 11?
-1229
21010 (base 7) to base 13
2464
1024 (base 8) to base 7
1360
What is 144455 (base 7) in base 10?
28019
Convert -13313220 (base 4) to base 2.
-111110111101000
What is 221012 (base 3) in base 13?
404
b42 (base 16) to base 15
cc2
-39ca (base 13) to base 14
-3034
What is -b55 (base 13) in base 16?
-789
Convert -3250 (base 7) to base 5.
-14122
What is 3556 (base 10) in base 13?
1807
What is -46120 (base 8) in base 3?
-222210120
What is -1105 (base 6) in base 9?
-315
What is -68b (base 15) in base 7?
-4214
-101110 (base 2) to base 11
-42
3b4a5 (base 12) to base 2
10011111111111101
10101111 (base 2) to base 6
451
Convert -110000111001 (base 2) to base 13.
-1569
Convert 1191 (base 14) to base 16.
bfb
What is -86a5 (base 11) in base 7?
-45332
Convert 468 (base 13) to base 7.
2136
489b (base 15) to base 4
3301112
Convert -458 (base 10) to base 3.
-121222
-12210 (base 7) to base 3
-11101020
Convert 22161 (base 7) to base 15.
19c0
1342 (base 9) to base 8
1762
-774 (base 11) to base 16
-3a0
20230302 (base 4) to base 7
205614
130011 (base 4) to base 15
7ec
What is 9a (base 15) in base 13?
b2
Convert -31033323 (base 4) to base 12.
-274a3
Convert 10120120200 (base 3) to base 11.
48997
942b (base 12) to base 13
7484
-575 (base 9) to base 15
-218
c90 (base 13) to base 9
2843
Convert -30616 (base 10) to base 2.
-111011110011000
Convert -210211110 (base 3) to base 12.
-9263
Convert 199d (base 14) to base 12.
2833
Convert -82a (base 12) to 